e prime factors of 129/(-2)*(-64)/6?
2, 43
What are the prime factors of 20/(-45) - (-139515)/135?
1033
Suppose -5*d + z = -z + 21, 4*z - 3 = -3*d. Let a(g) be the third derivative of g**6/120 + g**5/20 - g**4/24 + 11*g**2. What are the prime factors of a(d)?
3
Let i(r) = -35*r + 7. Let p be i(-5). Suppose -4*d + p = 50. What are the prime factors of d?
3, 11
Let d = 32 + -38. Let s = 9 + d. What are the prime factors of (-1)/3 + 196/s?
5, 13
Let d = -1114 - -2653. List the prime factors of d.
3, 19
What are the prime factors of (-4)/14 + -8 + 4210/35?
2, 7
Suppose 4*t + 151 = 5*c, -7*t - c - 225 = -2*t. Let d be ((-12)/15)/((-2)/155). Let v = d + t. What are the prime factors of v?
2, 3
Let u(x) = -8 + x - 30*x - 13 + 15*x - x**2. Let y be u(-15). What are the prime factors of (-9)/y - (-286)/8?
2, 3
Suppose -2*k = -115*j + 114*j + 1660, -2*k + 3302 = 2*j. List the prime factors of j.
2, 827
Let u(d) = -d**3 + 3*d**2 + 5*d - 6. Let s be u(4). Let t be s/(-4)*(48 + 2). Let h = 43 - t. List the prime factors of h.
2, 3
Let w(v) be the third derivative of -v**6/240 + v**4/24 - 7*v**2. Let m(l) be the second derivative of w(l). What are the prime factors of m(-10)?
2, 3, 5
Let w be -2*(-2)/2 - (-139 - 1). Let t = -51 + w. What are the prime factors of t?
7, 13
Let n = -181 + 297. Suppose -2*y + 4*u + 120 = 0, -3*u + u - n = -2*y. List the prime factors of y.
2, 7
Let q(f) = -f**2 + 3*f - 2. Let x be q(4). Let v be (-26)/x - 32/(-48). Suppose 4*p + 51 = 3*g, 56 = v*g - 5*p - 24. List the prime factors of g.
13
Suppose -2*y + 6*m - 5*m = -11598, -y + m = -5798. What are the prime factors of y?
2, 5, 29
Let d(o) = 7*o - 2. Suppose -126*s = -121*s - 25. List the prime factors of d(s).
3, 11
Suppose 0 = 5*v + 17 + 28. Let n be -6 - v/3*1. What are the prime factors of 1 + 1 + (-102)/n?
2, 3
Suppose -27*m + g = -22*m - 13181, -3*g = -m + 2639. What are the prime factors of m?
2, 659
Suppose -7211 = -3*m - 2*f, 2438 = 2*m - 3*f - 2352. List the prime factors of m.
7
Let u = -18 + 20. Let a be (-177)/(-5) - 8/20. List the prime factors of (1 + a - 4) + u.
2, 17
Suppose o - 9 = -2*o. Suppose -12 = -v - o*v. Let k = 18 + v. What are the prime factors of k?
3, 7
Let u(s) = -s**2 + 7*s + 14. Let x(h) = 2*h**2 - 6*h - 16. Let i(o) = -3*u(o) - 2*x(o). Let d = -4 - 1. What are the prime factors of i(d)?
2, 5
Let j(o) = -o - 1. Let w be j(1). Let r be w/7 + 1447/(-7). Let p = -132 - r. List the prime factors of p.
3, 5
Let t(n) = 15*n + 478. Let k be t(-29). Let p(a) = -a**3 + 2*a**2 + a - 2. Let b be p(2). Suppose b = -5*h + k + 82. List the prime factors of h.
5
Suppose -181 = -3*x + y, 0 = -4*x + 4*y - 50 + 286. Let d = x - 9. What are the prime factors of d?
2, 13
Suppose 17 = 5*h + 2. Suppose 0*v - h*v - 189 = 0. List the prime factors of ((-2)/3)/(3/v).
2, 7
Let o = 32 - 14. Suppose -5*u - 5*w + 17 + 13 = 0, 2*w + o = 4*u. Suppose 4*j - u*j = -5*i + 2, -i + 74 = 3*j. List the prime factors of j.
23
Suppose 5*l + 36 = 3*l. What are the prime factors of (15/10)/((-1)/l)?
3
Suppose -1831 - 7684 = -5*o. List the prime factors of o.
11, 173
Let n(d) = 4*d + 5. Let i = -31 + 39. List the prime factors of n(i).
37
Suppose -20 = g + j + 4*j, -40 = -4*g + 4*j. Suppose g*q = 1090 + 230. List the prime factors of q.
2, 3, 11
Suppose 0 = 2*y - 2*s - 540, 4*y - 1150 = -5*s - 61. What are the prime factors of y?
271
Let p(l) = 339*l**2 - l - 7. List the prime factors of p(3).
3041
Let u(f) = -6 - 5*f + 0*f + 0*f. Let h be u(-11). Let n = h - 24. What are the prime factors of n?
5
Let i(z) be the first derivative of z**3/3 - 4*z**2 - 9*z + 1. Let c be i(8). Let p = c - -12. List the prime factors of p.
3
Let u = 1198 + 2403. List the prime factors of u.
13, 277
Suppose -996 = 330*h - 333*h. List the prime factors of h.
2, 83
What are the prime factors of 1 - (-464 + (-3)/(-3))?
2, 29
Let t be (9/15)/((-2)/(-10)). Let j be t/(-9) + 172/3. Suppose 2*i - 5*i - 12 = 0, 5*i + j = l. What are the prime factors of l?
37
Let v = 3356 - 2321. List the prime factors of v.
3, 5, 23
Let j(p) = 19*p - 172. What are the prime factors of j(21)?
227
Suppose 5*v = 2*u + 96, 3*u - 4*v + 102 = -7*v. What are the prime factors of 17 - u - (1 + 3)?
3, 17
Let k(l) = 19*l**2 - 8*l + 99. What are the prime factors of k(6)?
3, 5, 7
Suppose 3*n - 6001 = -2*r, 5*r + 47*n = 48*n + 14977. List the prime factors of r.
2, 7, 107
Let o = 4670 - 1733. What are the prime factors of o?
3, 11, 89
Suppose -5*p + 4*p + 6 = 0. Let t = p + 0. Let l = t + 19. What are the prime factors of l?
5
Suppose 4*h + 17 = 37. Suppose 5*t = v - 296, -2*v = 2*v + h*t - 1059. List the prime factors of v.
271
Let s be 12/(-10)*(-85)/51. Suppose -s*l - 130 = -3*l. What are the prime factors of l?
2, 5, 13
Let g(m) = 574*m + 48. What are the prime factors of g(3)?
2, 3, 5, 59
Let c = 26 - 22. Let k(g) = -4 + 3 + c + 5 - g**2 - 12*g. What are the prime factors of k(-10)?
2, 7
Let y(z) = -68*z - 284. What are the prime factors of y(-18)?
2, 5, 47
Let x be 45 - (1 + 0 - 2). Let c be 480/18*(-30)/25. Let j = x + c. List the prime factors of j.
2, 7
Let m(h) = -h**3 + 4*h**2 - 3*h + 4. Let z be m(4). Let u(v) = 2*v**2 - 3*v - 7. What are the prime factors of u(z)?
5, 29
Let r be (-1 - (-132)/(-20))*-5. Let x = r - 14. List the prime factors of x.
2, 3
Suppose 0*s - 4*s = 5*q - 31, -3*s = -5*q + 3. Let h be (4/8)/(q/420). Suppose 0 = 2*b + 3*b - h. List the prime factors of b.
2, 7
Let g(u) = -u**2 + 6*u - 1. Let a be g(7). Let o(x) = -x - 9. Let c be o(a). List the prime factors of (-2 + 4 - c) + 12.
3, 5
Let w = -2 + 179. What are the prime factors of w?
3, 59
Suppose -4*n = -2*n - 3*t - 2, t + 14 = 4*n. Suppose -5*i - 3*c - 13 = -66, -n*i + 4*c = -68. What are the prime factors of i?
13
Suppose -x - 3*z + 240 = 0, 19*x - 476 = 17*x - 4*z. What are the prime factors of x?
2, 3, 13
Suppose 9*o = 29*o - 2340. List the prime factors of o.
3, 13
Let i = 770 + -286. What are the prime factors of i?
2, 11
Let w = 2605 + 74. List the prime factors of w.
3, 19, 47
Suppose 3*z - 2 - 1 = 0. Suppose z = b - 4*h - 4, 4*b = h + 20. Suppose -x = -2*x + b. What are the prime factors of x?
5
Let r = -85 - -87. Suppose 3*j - 625 = -4*z - 231, -3*j = -r*z + 188. List the prime factors of z.
97
Let i(q) = 5*q**2 + 72. What are the prime factors of i(15)?
3, 7, 19
Suppose 192*b = 166*b + 14066. List the prime factors of b.
541
Suppose -6*n = 2*n - 24. Suppose 3 = 2*p - n. What are the prime factors of p?
3
Suppose 4*j - 3503 - 78 = -3*m, -j + 904 = -m. List the prime factors of j.
29, 31
Let b = -190 + 370. Let u = -6 - -10. Suppose -56 = -u*y + b. List the prime factors of y.
59
Suppose -1632*u = -1616*u - 8368. List the prime factors of u.
523
Let k(x) = 5*x**2 - 8*x - 12. List the prime factors of k(-6).
2, 3
Suppose 0 = 4*z - 7 - 13. Suppose -9 - z = -2*u. Let w = u + 2. List the prime factors of w.
3
List the prime factors of (28 - 30)*(-93)/2.
3, 31
Let l = -11 - 77. Let a = -39 - l. List the prime factors of a.
7
Suppose 4*k + 9*h - 364 = 13*h, 2*k + h - 173 = 0. List the prime factors of k.
2, 11
Let k(p) = 21*p**3 + 2*p**2 - 1. Let a be k(1). Suppose -24*d = -a*d - 264. What are the prime factors of d?
2, 3, 11
Suppose 0 = 3*p - j - 6377, 11*j - 6*j = -2*p + 4240. List the prime factors of p.
5, 17
Let t be (12/(-5))/((-21)/70). Suppose -528 = t*u - 14*u. What are the prime factors of u?
2, 11
Suppose -169 = -45*b + 32*b. Let n(h) = -h**2 + h + 35. Let y be n(0). Let r = y - b. List the prime factors of r.
2, 11
Suppose -4*k = 2*k - 4110. What are the prime factors of k?
5, 137
List the prime factors of 7773*(70/21 + -3).
2591
Suppose -622*t + 619*t + 333 = 0. List the prime factors of t.
3, 37
Suppose -4844 = -4*i + 3*p, i - 5*i + p = -4836. What are the prime factors of i?
2, 151
List the prime factors of 14 + -13 + -1 + (531 - 3).
2, 3, 11
Suppose 4*h - 32 = 3*u + 2*h, -2*h = -5*u - 48. List the prime factors of u/10*2915/(-22).
2, 53
Let v(t) = -6*t**3 + 159*t**2 + 33*t. List the prime factors of v(26).
2, 3, 13, 37
Let j(a) = -7*a - 12. Let x be j(-6). Suppose 0 = 5*u + 9 + 16, 4*u + x = 5*r. Suppose 0 = -4*z - 3*y + 45, -r*z + 33 = -y - 2. What are the prime factors of z?
3, 5
Let y(c) = c**3 + 21*c**2 - 13*c + 79. List the prime 